 61 = 3*j. Suppose -j*k + 21*k = 42. List the prime factors of k.
3, 7
Suppose 0 = -8*o + 3*o + 2*m + 23, -2*o - 3*m - 6 = 0. Suppose -o*j - 2042 = -7*j + u, 4*j - 2030 = -5*u. What are the prime factors of j?
2, 3, 5, 17
Let m be ((-52)/(-650))/((-1)/5)*125. Let p = 33 - m. What are the prime factors of p?
83
Suppose 7*l + 4*f + 121812 = 11*l, 30481 = l + 3*f. List the prime factors of l.
2, 5, 1523
Suppose 2*z - 7 = -3*t, -2*t + 0*z + 4 = 2*z. Suppose 0 = -t*x + 8*x - 1060. Suppose -2*a = 2*p - 230, x = 3*a + 4*p - 131. List the prime factors of a.
3, 13
Suppose -5*m + 5*q - 3*q = 1133, -3*m = 4*q + 685. Let i = m + 362. List the prime factors of i.
3, 5
List the prime factors of (186460/90)/((-38)/(-513)).
3, 9323
Suppose -5*n + 138546 = 20*n + 43096. List the prime factors of n.
2, 23, 83
Let m = 3417 + -1574. List the prime factors of m.
19, 97
Let j = 53 + -48. Suppose -j*x = -10*x + 255. Suppose n - 75 = x. What are the prime factors of n?
2, 3, 7
Suppose 3*p = 4*z - 2*z + 321, -3*p = z - 312. Let l = 196 - p. What are the prime factors of l?
7, 13
Suppose 5*l - 31 = -4*z, 3*l = 6 + 3. Suppose 5*a = -z*a + 5796. What are the prime factors of a?
2, 7, 23
Let p be 3/18 + 2362/12. Suppose -2*r - b = r - 298, 0 = -2*r + b + p. What are the prime factors of r?
3, 11
Suppose 7*h = 6*h - 6. Let w be (-1 - -1)*2/h. List the prime factors of 434/14 - (w + -2).
3, 11
Let c = -580 - -1042. Suppose 19*g - c = 17*g. List the prime factors of g.
3, 7, 11
List the prime factors of 3*(-4)/36*(-5 + -23815).
2, 5, 397
Let w(a) = a**3 - 3*a - 2. Let r be w(0). What are the prime factors of 265 - (1 + r + 7)?
7, 37
Let h(l) = 235*l + 1560. What are the prime factors of h(30)?
2, 3, 5, 7, 41
Suppose 5*m = k + 12121, -m + 2*k = 3*m - 9698. Let v = -1558 + m. What are the prime factors of v?
2, 433
Let d be (0/13)/(0 + 1). Suppose d = 28*b - 2350 - 12798. List the prime factors of b.
541
Let y(h) = 3*h**3 - 16*h**2 + 45*h - 638. What are the prime factors of y(20)?
2, 3, 13, 229
Let d = 28 + -19. Suppose -21*f = -d*f - 17484. What are the prime factors of f?
31, 47
Let x = -4572 - -9408. What are the prime factors of x?
2, 3, 13, 31
Suppose -u - 4*u + 3*j = -22, 5*j - 15 = -2*u. Suppose -2*f - 4 = 0, -2*c + u*f - 417 = -63. Let n = c + 256. List the prime factors of n.
2, 37
Let f = 502 - -4698. Suppose -f = -6*y - 4*y. What are the prime factors of y?
2, 5, 13
Let r = -39365 - -86125. What are the prime factors of r?
2, 5, 7, 167
Let m(j) = -j**3 - 4*j**2 - 2*j - 5. Let g be m(-4). What are the prime factors of 666/1 - 2*(4 - g)?
2, 83
Suppose 4*y - 13*y + 1224 = 0. Suppose -y*q + 153 = -135*q. List the prime factors of q.
3, 17
Suppose -3*l + 56500 + 19437 = 5*q, 2*q + 14 = 0. What are the prime factors of l?
2, 13, 487
What are the prime factors of (-1 + 8 + -8)/(1/(-7894)) - 7?
3, 11, 239
Let a(h) = -5*h - 7*h**2 - 4 + 6*h**2 + 0*h**2. Let w be a(-3). Suppose w*n - 49 = -3*s + 64, 10 = 2*s. List the prime factors of n.
7
Let b be (-63)/6*6/((-9)/3). Let j = b - -118. Suppose j - 444 = -5*s. List the prime factors of s.
61
Let u(i) = i**3 - 9*i**2 + 10*i - 14. Let s be u(8). Suppose -4*r = n - 2*r - 583, s*n = -r + 1157. List the prime factors of n.
577
Let x = -189 + 199. Suppose -2*y - 6*r + 736 = -x*r, 3*r = -5*y + 1788. List the prime factors of y.
2, 3, 5
Suppose 4*k + 99 = -5*n + 304, 10 = 2*n. Let w = 628 + -626. Suppose w*h - i - 333 = k, 2*h - 5*i = 370. What are the prime factors of h?
2, 5, 19
Suppose 140 = -17*u - 3*u. Let v(t) = 21 - 8 - 2*t + 3*t**3 + t**2 + 21*t**2. List the prime factors of v(u).
2, 19
Suppose 7*a = 9*a - 10. Let l(f) = f**3 + 2*f**2 - 30*f + 5. List the prime factors of l(a).
2, 3, 5
Suppose -131*v + 2701377 + 46502 = -1024659. List the prime factors of v.
2, 7, 11, 17
Suppose 897586 = 273*a - 805936 - 1167346. List the prime factors of a.
2, 11, 239
Let t(a) = -a**2 - 7*a + 5. Let o be t(-6). Suppose 9*v = o*v + 6. What are the prime factors of (-2816)/(-96) - 2/v*1?
2, 3, 5
Let g(l) = 14*l**2 + 39*l + 352. What are the prime factors of g(-16)?
2, 3, 23
What are the prime factors of (-4)/24 - (4/(-54) + (-886685)/54)?
2, 5, 821
Suppose 3*b - 32 = -56. Let r(j) = 4*j**2 - 9*j - 12. List the prime factors of r(b).
2, 79
Let m be 3 + 2 + -3 + 17 + -15. Let j be (-4)/(-12) - (-1810)/6. Suppose 0 = -5*r + 2*r + m*k + j, -3*r - 2*k = -308. What are the prime factors of r?
2, 3, 17
Suppose -5*r - 560 = 5*r. Let j = r - -311. What are the prime factors of j?
3, 5, 17
List the prime factors of (19809 - -16) + -13 + 16.
2, 4957
Let q = -8209 + 15997. What are the prime factors of q?
2, 3, 11, 59
Suppose -4*r = -3*d - 0*d - 361, 4*r - 242 = 2*d. Let y = d - -122. Suppose 144 = -y*f + 555. What are the prime factors of f?
137
Let s(k) = 6078*k + 1227. What are the prime factors of s(3)?
3, 13, 499
Let y = 130 + 24. Let i be 105/4 - (-1)/(-4). Suppose y = 6*k - i. List the prime factors of k.
2, 3, 5
Let r = 66310 + 5717. What are the prime factors of r?
3, 53, 151
Let k be ((-3)/6)/(25/(-68100)). Suppose -65*z + 66*z = k. List the prime factors of z.
2, 3, 227
Let c(f) = f**3 + 14*f**2 + f - 21. Let x be c(-13). Suppose l - x = 611. What are the prime factors of l?
2, 373
Let o be (-3514)/(-16) + (-12)/(-32). Suppose 4*s + o = -5*d, -20 = s - 5*s. List the prime factors of (-492)/(-7) - (2 + d/28).
2, 5, 7
Suppose 3*w = 33 - 39. List the prime factors of 5/w + 1 + (-44891)/(-106).
2, 211
Let p be -1 + (-15)/(-10) - 1054/(-4). Let g(w) = -2*w**2 + 24*w - 12. Let v be g(8). Suppose -4*k - v = -p. List the prime factors of k.
53
Suppose -18*m + 9940 = -11228. Suppose 22*i = 26*i - m. List the prime factors of i.
2, 3, 7
Let i(t) = -t**2 - 8*t - 8. Let f be i(-6). Suppose f*g + 38 - 242 = 0. What are the prime factors of g?
3, 17
List the prime factors of 200*(-81 + 93)*(-25)/32*-10.
2, 3, 5
Let r = 21392 + -13347. List the prime factors of r.
5, 1609
Suppose -4*p + p = 15. Let f be 32 + (p + 2 - -1). Let v = f - -21. What are the prime factors of v?
3, 17
Let r(v) = -6*v. Let h be r(2). Let a(w) = -24 - 30*w + 5 + 18*w + 13. List the prime factors of a(h).
2, 3, 23
Let b(o) = -14*o - 30. Let h(a) be the second derivative of 5*a**3/2 + 15*a**2 - 24*a. Let t(x) = -4*b(x) - 3*h(x). List the prime factors of t(8).
2, 59
Suppose 0 = -2932*z + 2912*z + 2680. What are the prime factors of z?
2, 67
Let y(i) = -i + 10. Let h = -2 - 7. Let u be y(h). Suppose 0 = 14*t - u*t + 495. List the prime factors of t.
3, 11
Let q be 20769/(-92) + (-6)/(-8). Let v = q - -560. What are the prime factors of v?
5, 67
Let w(k) = -318*k**3 - 8 + 206*k - 109*k - 106*k. What are the prime factors of w(-1)?
11, 29
Let m(l) = 3*l**2 + 191*l + 1325. What are the prime factors of m(-109)?
3, 7, 769
What are the prime factors of -219*(-3)/(-6)*(-9)/((-297)/(-418))?
19, 73
Suppose -25 = -5*f - 0*f, -4*k - 2*f = -74. Let u(i) = i**3 - 16*i**2 + 16*i - 21. Let p be u(k). List the prime factors of -1*p*5/(-25).
47
Let n = 25713 - 7885. What are the prime factors of n?
2, 4457
Let c = 216 - 229. Let i(q) = -24*q + 23. What are the prime factors of i(c)?
5, 67
What are the prime factors of 4514 - (120/15 + 6)?
2, 3, 5
Let r = -38 - -53. Suppose 5 = -5*s + r. Suppose 0 = -s*k - 5*t + 529, 81 = k + 5*t - 196. List the prime factors of k.
2, 3, 7
Let u(n) = -5*n + 0 + 2 - 17*n - 2 + 37*n**2 - 4. What are the prime factors of u(-5)?
1031
Suppose y = 2*y + 4. Let h be y - 0/3 - -439. Suppose -2*z = -5*x + x - 162, -5*z + h = 5*x. List the prime factors of z.
5, 17
Suppose -3*r - 37 = -37. Suppose -2*b - 261 = -n, r*b = -2*n + 2*b + 526. What are the prime factors of n?
5, 53
Suppose -96 = -19*x + 7*x. Suppose x*w = -837 - 91. Let n = 202 + w. List the prime factors of n.
2, 43
Suppose 59*z = 3361868 - 546506. List the prime factors of z.
2, 3, 11, 241
Let n = -6530 - -29866. List the prime factors of n.
2, 2917
Suppose 6*t + 13*t - 361 = 0. Let o(u) = 4*u**2 - 40*u + 17. What are the prime factors of o(t)?
701
Let y be 3 + 0 - (0 - 11). Suppose -4*n = v - 12, -3*n - y = -2*n - 4*v. What are the prime factors of -5 - (-2)/1 - (n + -74)?
3, 23
Let y = 233 - 2. Suppose y*k = 235*k - 5188. List the prime factors of k.
1297
Let w = -19687 + 20805. What are the prime factors of w?